e the greatest common factor of 47 and r.
47
Suppose -3 = 4*u - 15. Suppose u*b = -2*b - 4*n + 9, -b - n = -1. Suppose -4*k + 9*k = -2*f + 127, f + b*k = 76. What is the greatest common factor of f and 17?
17
Let n be 46*(-2 - 25/(-5)). Suppose -11*y + 71 + n = 0. What is the highest common factor of y and 19?
19
Let o = -8 - -3. Let h be (o/6)/((-12)/72). Suppose 0 = h*q - 2*v - 37, v - 6*v = -4*q + 16. Calculate the highest common factor of 9 and q.
9
Let d be (-1854)/(-21) + (-2)/7. Let p be (-62 - -53) + 2*10. What is the highest common divisor of p and d?
11
Let x = 411 + -150. Suppose x + 144 = 5*u. What is the highest common divisor of 729 and u?
81
Let g = 6043 - 5640. What is the highest common factor of 248 and g?
31
Let p be 3 + -1 - 44/(-2). Let n be (-84)/((-1)/9 - (-96)/(-108)). What is the highest common divisor of p and n?
12
Suppose 23*f - 26*f + 79 = 4*y, 2*y - 41 = -f. Suppose -3*x + 110 = -2*x. Calculate the greatest common divisor of y and x.
22
Let h(b) = 53*b**2 - 4*b - 3. Let k be 6/18*(-3)/1. Let r be h(k). Let x = r + -41. What is the highest common factor of x and 91?
13
Let j(a) = a**3 + 41*a**2 + 30*a + 98. Let y be j(-28). What is the highest common divisor of 14 and y?
14
Suppose 28*v = -3084 + 844. Let i = v - -94. Calculate the highest common divisor of 182 and i.
14
Let d be (-57)/(-19) + -1*119. Let t = 420 + d. Calculate the greatest common factor of t and 19.
19
Suppose -12*d = -9*d - 45. Suppose -d*w = -74 - 91. What is the highest common factor of 99 and w?
11
Suppose 56*c + 912 - 1619 - 2429 = 0. What is the greatest common factor of 136 and c?
8
Let s be (0 - -94)/((-546)/(-37947)). What is the greatest common divisor of 278 and s?
139
Let h(v) = v**3 - 2*v**2 - v - 2963. Let y be h(0). Let z = y - -4315. Calculate the greatest common divisor of z and 8.
8
Let i(o) = -142*o - 7. Let u be i(-5). Suppose -5*f + 698 = -2*y, -6*y = 5*f - 3*y - u. Let c = f + -77. Calculate the highest common factor of c and 9.
9
Let x be 9/((-27)/(-2))*(-54)/(-4). Suppose -12*o - 5*d = -17*o + 15, -2*o - d = 0. What is the highest common divisor of x and o?
1
Let a(f) = -2*f**2 - 16*f + 4. Let g be a(-8). Suppose 0 = -5*j - 5, -g*m - 6*j + j + 91 = 0. Let z = 41 - m. What is the highest common divisor of 357 and z?
17
Let y = -601 + 689. Suppose -y = -7*n - 4. Let h(w) = w**3 + 5*w**2 - 2*w - 2. Let o be h(-5). Calculate the highest common factor of o and n.
4
Let o(s) = -23*s + 16. Let a be o(-8). Suppose t - 8 = -j, j - 5*t - 3 = -7. Let b(p) = p + 19. Let l be b(j). What is the highest common factor of a and l?
25
Let d be (-20860)/44 - 9/(-99). Let b = d - -482. Suppose q - 1 = -0*q. Calculate the greatest common divisor of q and b.
1
Suppose -373099 = 71*k - 1258753. Calculate the highest common factor of 308 and k.
154
Let q(x) = 2*x - 31. Let l(t) = 1. Let i(v) = -2*l(v) + q(v). Let n be i(17). Suppose -18*j + 10 = -13*j. Calculate the highest common divisor of n and j.
1
Let i be (-711)/4266 + ((-1)/6)/(2/(-1742)). What is the highest common divisor of 6206 and i?
29
Let j(w) = -4*w**2 - 7*w - 10. Let a be j(-6). Let q = a + 134. Calculate the highest common factor of q and 88.
22
Suppose 0 = 138*v - 10619 + 2891. Calculate the greatest common factor of v and 6104.
56
Let p(w) be the third derivative of w**5/15 - 2*w**4 + 119*w**3/6 + 43*w**2 - 4*w. Let q be p(17). Calculate the greatest common divisor of q and 81.
27
Suppose -15 + 7 = -8*c. Let d be (5*(-2)/(-25))/(c/10). Let v = -14 + 16. What is the highest common divisor of d and v?
2
Suppose 631 + 284 = 8*x + 187. What is the highest common divisor of x and 21?
7
Let k be ((-4)/14)/((-8)/7 + 1). Suppose -4*p = m - 64, 7*p - 9*p - 64 = -m. Calculate the highest common factor of m and k.
2
Let r be -5*((-2870)/105 + (-4)/6). What is the highest common divisor of 60 and r?
20
Suppose 0 = -6*r + 88 + 56. Suppose 20 - r = v. Let w be 10/(-8)*(v + 3 + -3). What is the highest common divisor of 40 and w?
5
Let g = -251 + 265. Suppose g*z = 1118 + 1654. What is the greatest common divisor of 22 and z?
22
Suppose -5*b + 0*b - 5*k + 4775 = 0, 5*k = 4*b - 3829. Suppose 2*x + w + 3779 = 6*x, 2*w - b = -x. Calculate the highest common divisor of x and 86.
86
Let w = 1120 - 628. Suppose 4*p + 221 = 3*h - p, 3*h = -3*p + 261. What is the highest common divisor of w and h?
82
Let b = 716 + -671. Suppose 0 = 49*s - b*s - 8. Calculate the highest common divisor of s and 11.
1
Let z(d) = -413*d - 791. Let i be z(-2). Let m be (-3)/(-2)*(-64)/(-24). Suppose -m*h - h = -70. Calculate the greatest common divisor of i and h.
7
Let u be (477/6)/((-6)/(-8)). Let y be -21 + 20 - (-1 - u). Let x = y + -46. Calculate the highest common factor of x and 150.
30
Suppose 6*r = 2*r + 256. Let q = -34 + r. Calculate the highest common factor of q and 150.
30
Let h be (-10)/(-4)*(-66)/55*-9. Let w be h*(2 + -3)*(-16)/6. Calculate the greatest common factor of 180 and w.
36
Suppose l + 15*h - 10*h - 621 = 0, -4*l + h = -2484. Calculate the greatest common factor of l and 135.
27
Suppose 3*g = 3*p - 0*p - 1197, 0 = g + 2. Let a = p + -367. What is the highest common factor of 330 and a?
30
Let s be (10/11)/((-8)/(-88)). What is the greatest common divisor of s and 3490?
10
Suppose 18*h + 4181 - 635 = 0. Let y = 404 + h. Calculate the highest common divisor of 69 and y.
69
Suppose 0 = -3*x - 6*o + 2247 - 735, 2*x = 2*o + 1044. Calculate the greatest common factor of x and 66.
6
Suppose -5*m + 226 = -4*h, 43*m - 174 = 40*m - 4*h. Calculate the highest common factor of 870 and m.
10
Let g = 1 + -3. Let w be (2 - g) + -5 - -14. Suppose 10*r - w*r + 108 = 0. Calculate the greatest common factor of r and 48.
12
Suppose -32*p - 50 = -242. Let x be ((-21)/(-14))/(p/880). Calculate the highest common factor of 55 and x.
55
Suppose 5*u = 23*u + 108. Let j(g) = 2*g**2 + 3*g + 14. Let r be j(u). Let t = 80 - 46. Calculate the highest common divisor of t and r.
34
Let j be 7 - (3 + -1) - 2. Suppose -5 = -j*f + 1. Suppose 2*k = f*r + 8 - 30, -5*k - 1 = 4*r. Calculate the highest common factor of 48 and r.
6
Suppose -40*s + 34*s + 7363 = 5*k, 0 = -2*s + 16. What is the highest common factor of k and 88?
11
Let q be 11 - (7 - 9)*(-2)/(-4). Let b(v) = 0*v**2 + q*v - 36 + 28 - 7*v**2 + v**3. Let g be b(6). Calculate the highest common divisor of 84 and g.
28
Suppose -2*d - 43882 = -5*b, -4634 = -b + 4*d + 4128. Calculate the greatest common divisor of 456 and b.
114
Let w = 5373 + -5233. Let n be 30*(28/3)/4. Calculate the greatest common factor of n and w.
70
Suppose -3*i = -i - 62. Let o be i - (0 + (-4)/(-4)). Let j be (-100 + 84)*(2 + -1)/((-4)/3). What is the highest common divisor of j and o?
6
Let u(i) = -i**3 + 3*i**2 + 9*i + 9. Let x be u(-6). Let v(b) = -2*b**2 + 3*b + 6345. Let m be v(57). What is the greatest common factor of m and x?
9
Suppose -2*a = -5*s - 19, -2*a - a + 2*s = -45. Suppose a*j - 55 = 30. Suppose -4*g - r = 0, -g - 16 = 5*r + 3. What is the highest common factor of g and j?
1
Suppose -7*g - 160 = -5*g. Let s be (-8)/(-28) + g/(-14). Let l be 1/8*-1 - 1205/(-40). Calculate the greatest common factor of s and l.
6
Let r(o) = 9*o + 273. Let z be r(-29). Let x = -83 - -190. Suppose -x + 23 = -k. Calculate the highest common divisor of k and z.
12
Let l(k) = -8*k**2 + 3*k + 2. Let x be l(-1). Let w be (-3 - 0/(-5))/(x/51). Calculate the greatest common divisor of 323 and w.
17
Let v(y) = 457*y**2 - 9*y + 6. Let w be v(1). Let u = w - 439. What is the greatest common factor of 645 and u?
15
Let v be -5*12/135 + 4197/27. Calculate the highest common divisor of 4154 and v.
31
Let s = -61 - -21. Let l = 189 - 121. Let n = s + l. What is the highest common divisor of 14 and n?
14
Suppose 5*v - 1510 = -5*y + 8425, -2*v + 3977 = 3*y. Calculate the greatest common factor of 620 and v.
124
Let t = 2168 - 1976. Suppose -10*c = -5*c - 60. What is the highest common factor of t and c?
12
Let o be -975 + 969 + (0/1 - 1133)/(-1). What is the greatest common divisor of 2093 and o?
161
Suppose 85*d - 6264 = 73*d. What is the highest common factor of d and 36?
18
Let i(b) = 17*b - 21. Let s be i(2). Suppose j = -s + 15. Let k be j + 3 + (-584)/(-8). What is the greatest common factor of 26 and k?
26
Le